-4*h - 19. Determine o(k).
5
Let p = -4 - -5. Let z(v) = -3 + 20*v + 3 - 39*v + 19*v - 1 - 2*v**2. Give z(p).
-3
Let u(n) = -7*n - 3. Let b be ((-119)/(-102))/((-21)/(-12))*-3. Give u(b).
11
Let g(r) be the first derivative of r**3/3 - r**2/2 - 6*r + 1185. Determine g(7).
36
Suppose 368*p - 487*p - 476 = 0. Let g(u) = -4 - 3*u - 3*u + 5*u. Give g(p).
0
Let k(c) = 9*c + 48. Suppose -3*w + 101 = 3*b + 113, -26 = 3*b - 4*w. What is k(b)?
-6
Let i(m) = -3*m**3 - 8*m**2 - 4*m - 9. Let k(x) = 4*x**3 + 8*x**2 + 6*x + 10. Let w(j) = 3*i(j) + 2*k(j). Let s(g) = -g**2 - 2*g. Let y be s(2). What is w(y)?
-7
Suppose 0 = 27*y + 30*y - 39*y - 108. Let l(j) = -j**2 + 4*j - 8. Determine l(y).
-20
Let g(j) be the third derivative of 0*j**4 + 1/60*j**5 - 32*j**2 + 0 + 0*j + 0*j**3. Let v = 7 - 9. Calculate g(v).
4
Let i = -1 - -2. Let g(k) = -21*k - 3. Let j(f) = 48*f + 8. Let v(p) = -5*g(p) - 2*j(p). Give v(i).
8
Let q(d) = d**2 + 3. Let y(g) = 43 + 52 - 48 - 4*g. Let j be y(12). Let r be 0/j*12/(-60). Give q(r).
3
Let a(n) = -175*n - 3666. Let x be a(-21). Suppose -2*j - 3*j + 35 = 0. Let s(v) = 3*v - x + 4 + 1 + j. Give s(-2).
-3
Suppose 2*s - r + 40 = -2*r, 3*s - 5*r + 99 = 0. Let a(b) = -b**3 - 21*b**2 + 46*b - 9. Give a(s).
-9
Suppose -4*v = -3*v. Let i(g) = -498*g + 1. Let a(d) = 299*d - 1. Let h(z) = -5*a(z) - 3*i(z). Give h(v).
2
Let a(f) = 9*f + 2*f**2 - f**3 - 10*f**2 + 3 + 2*f**3. Let r be 1 - (-38)/3 - 6/9. Suppose b = h - 12, 8*b - 4*b = -h - r. Give a(h).
17
Suppose 2787 - 2407 = 752*w - 3380. Let k(p) = -p**3 + 5*p**2 - 2*p - 4. Let u(m) = -m**3 + 5*m**2 - m - 5. Let l(g) = -4*k(g) + 3*u(g). What is l(w)?
26
Let g(f) be the second derivative of -f**5/20 + f**4/2 + f**3 - 3*f**2 + 183*f. Suppose 5*p - 27 - 23 = 0. Let k be 14/35 - (-66)/p. Determine g(k).
-13
Suppose 705 + 148 = 38*y - 173. Let v(r) = -r**3 + 28*r**2 - 25*r - 46. What is v(y)?
8
Let o = 2013 + -2020. Let z(p) = 5*p + 21. Determine z(o).
-14
Let l(f) = f**2 - 11*f - 3. Let y = -5 + -3. Let k be 368/64 - (-6)/y. What is l(k)?
-33
Let q = 316 - 333. Let p(v) = -7 + 14*v - 14*v**3 + 17*v**3 - 35*v**2 - 1 - 13. Let x(z) = z**3 - 12*z**2 + 5*z - 7. Let w(j) = q*x(j) + 6*p(j). What is w(6)?
-13
Let j = -284 + 286. Let k(m) = -87*m**2 - 83*m**2 + m + 171*m**j. Suppose 4*x - w = -11, 6*x - 5*w = 2*x - 23. What is k(x)?
2
Suppose m + 6 = -0. Let y(o) be the second derivative of o**6/720 - o**5/120 + 5*o**4/4 + 14*o. Let p(c) be the third derivative of y(c). Give p(m).
-7
Let k(j) be the first derivative of j**5/120 + 7*j**4/24 + 127*j**3/3 + 20. Let i(y) be the third derivative of k(y). Calculate i(7).
14
Suppose -5 = l - 3*k, 14*k - 12*k + 27 = 5*l. Let x(t) = 2 - l - 4 + 2*t + 4. Calculate x(6).
7
Let v(k) = -k**3 - 2*k**2 + 18*k + 26. Let y be v(-8). Suppose 5*m - y = -276. Let q(z) = 3*z**2 - 2*z + 1. Determine q(m).
17
Suppose 2*c = -h + 98, -4*h - 232 = 15*c - 20*c. Let y = 45 - c. Let t(v) = v**2 - 5*v - 4. Determine t(y).
20
Let y(c) be the first derivative of -c**3/3 - 2*c**2 - 1406. Give y(-4).
0
Let v(r) = r**2 + 10*r + 11. Let m be v(-8). Let w(x) = x**2 + 9*x + 5. Let q be w(-11). Let p(d) = q*d + 4 - 17*d - 9*d. Calculate p(m).
-1
Suppose -59 = 55*q + 51. Let f be (-3)/(-2)*32/12*q. Let s(l) = -3*l - 11. Determine s(f).
13
Suppose -6*o + 44 - 14 = 0. Let c be (23 - -1)*o/15. Let p(t) = -t + 4*t - 6*t + 12. Give p(c).
-12
Let l(x) = -3550 + 7093 - 3549 + 4*x. Let a(h) = -h. Let c(m) = -6*m - 6. Let t(s) = -9*a(s) + c(s). Let o(w) = -4*l(w) + 5*t(w). Calculate o(0).
-6
Let m be (-35)/(-10)*288/112 + -8. Let a(p) = -1 + 1 + 1 - 4*p**2 - p. Determine a(m).
-4
Let x = -7 + -10. Let n(l) be the third derivative of -l**4/24 - 10*l**3/3 + 2*l**2 + 119*l. Calculate n(x).
-3
Let k(q) = 28*q + 0*q**2 - 10 + 2*q**2 + 39*q - q**2 - 60*q. Give k(-7).
-10
Let n(b) = b**2 - 3*b - 2. Suppose -32*p - 246 = 9*p. Give n(p).
52
Let k(m) = 775 - 24*m**2 + m**3 - 7*m + 469 - 1077. Determine k(24).
-1
Let u = 7 - 2. Let c(y) be the third derivative of 197*y**2 + 0 - 1/60*y**5 + 0*y + 1/3*y**3 + 5/24*y**4. Determine c(u).
2
Let m(h) = 7*h - 68. Let p(o) = o**3 + 6*o**2 - 85*o - 34. Let c be p(7). Calculate m(c).
-12
Let m(n) = 2*n**3 + n**2 - n - 5. Let f(p) = -5*p**3 - 2*p**2 + p + 9. Let o(v) = -3*f(v) - 5*m(v). Suppose -23*h + c + 5 = -21*h, 3 = -c. What is o(h)?
6
Let a(j) = -j**2 + 1. Let z be a(-1). Let k(x) = 1441 - 1455 + 18*x**2 + x**3 - 19*x**2. Determine k(z).
-14
Let p(k) = -5*k - k**2 + 20 - 22 + 16. Calculate p(-7).
0
Let y(h) = -14*h + 46. Let x(v) = 13*v - 32. Let k(b) = -6*x(b) - 5*y(b). Calculate k(-5).
2
Let z be -7 - (-4)/(0 - -1). Let b(j) = -6*j. Let f(r) = -r - 1. Let a(k) = z*f(k) + b(k). Calculate a(-3).
12
Let c(v) be the first derivative of -v**4/4 - v**3 + 6*v + 3. Let h(y) = -1753*y + 15774. Let j be h(9). Determine c(j).
6
Let k(d) be the third derivative of d**5/60 - 5*d**3/6 - d**2 - 5. Let a(g) = 2*g**2 - 9. Let c(n) = -3*a(n) + 5*k(n). Calculate c(3).
-7
Let q = 19 + -16. Let p(z) = 3*z + 17*z**2 - 36*z**2 + 20*z**2 + 0*z**3 - z**q. Give p(3).
-9
Let v = 2458 + -2451. Let o(c) = c**3 - 7*c**2 - 6*c - 5. Let y(x) = -x**3 + 7*x**2 + 7*x + 6. Let b(j) = 6*o(j) + 5*y(j). What is b(v)?
-7
Let j(y) = 507*y - 42. Let o be j(1). Let a = -466 + o. Let k(f) = 5*f**2 - f - 2. What is k(a)?
4
Let d be 2/((-5)/25*-5). Let k(s) = -s**d - 29*s + 51*s + 1 - 23*s. Calculate k(-2).
-1
Let s(y) = y**3 - 9*y**2 - 12*y + 9. Let f = -175 - -174. Let g be f/((-18)/(-20) - (-4 - -5)). Give s(g).
-11
Suppose -8 = 84*o - 86*o. Let i be (-2)/10*(o - 2)*-25. Let q(w) = -w**3 + 9*w**2 + 11*w + 1. Calculate q(i).
11
Let r = -66 + 70. Let u(x) = x**3 - 4*x**2 - x + 9. Let f(k) = k - 2. Let z(m) = -6*f(m) - u(m). What is z(r)?
-17
Let o(t) = -t**3 - t**2 + 40*t + 7. Let b(c) = c**3 - 6*c**2 + 20*c - 282. Let a be b(8). Calculate o(a).
-5
Let d(l) be the third derivative of l**5/60 + 13*l**4/24 - l**3/3 - 9*l**2 + 9*l + 5. Give d(-19).
112
Suppose -i = -10*i - 5*i + 98. Let l(c) = -c**2 + 6*c + 4. Determine l(i).
-3
Let i(g) = 7*g**2 + 7*g - 4. Suppose 0 = 19*h - 47 - 105. Let b(r) = 19*r**2 + 21*r - 11. Let l(p) = h*i(p) - 3*b(p). Determine l(-5).
11
Let o(w) = 6 - 3*w**2 + 2*w**2 + 26*w + 6 - 22*w. Let d(v) = 510*v - 2034. Let u be d(4). Calculate o(u).
0
Let h(u) = 1 - u + 2*u - 3. Let a = 226 - 226. Suppose 31*j - 26*j - 35 = a. Give h(j).
5
Suppose -5 = 5*g - 15. Let a(v) = -v + 11. Let u be a(0). Let y(c) = -3 + c + g - u. Determine y(5).
-7
Suppose -4*j + 7*r - 4*r - 294 = 0, 3*j = 5*r - 215. Let k be (1 - -4)*(-90)/j. Let y be (-44)/12 - k/(-9). Let u(b) = b**3 + 4*b**2 + 2*b. Give u(y).
3
Let r(j) = -11815*j + 11822. Let q be r(1). Let k(y) be the third derivative of y**4/8 - 11*y**3/6 + 2*y**2. Determine k(q).
10
Suppose u = 4*u - 9. Suppose -2*w + 3*w - 10 = -3*r, 2*w - 11 = -u*r. Let j be (11/(-3) + w)*(-69)/46. Let a(z) = -z**2 + 5*z - 1. Give a(j).
3
Suppose 9928*x - 3*w = 9931*x + 3, 0 = -4*x + 3*w - 18. Let i(l) be the third derivative of l**4/24 + 2*l**3/3 + l**2. What is i(x)?
1
Let u(z) = 63*z - 21*z - 220 + 131 + 128. What is u(-1)?
-3
Let q = 911 - 918. Let g(u) = -u**2 - 10*u - 24. Give g(q).
-3
Let s(x) = -4*x - 8. Suppose 0 = c - 8 + 3. Suppose -3 = c*m - 18, -2*u - 21 = -3*m. Determine s(u).
16
Let b(h) = h**3 + 6*h**2 + 2*h + 4. Suppose 4*o + z = 15, -o - 14*z = -19*z - 9. Suppose -76 + 96 = -o*r. Calculate b(r).
19
Let k = -176 + 247. Let y(u) = 57*u**2 + 10 - k*u**2 + 15*u**2. Calculate y(0).
10
Suppose 0 = -2*n - 135 + 141. Let l(w) = 6*w - 9. Determine l(n).
9
Let a(i) = 81*i - 226*i - 3*i**2 + 4*i**2 + 68*i - 9 + 79*i. Calculate a(-5).
6
Let n be (1/2)/(1/(-18)). Let s be 19/(-152) - (-51)/24. Let o(t) = 1 - s - t**2 + 2*t**2 - 5 + 8*t. What is o(n)?
3
Let m(k) = 5*k + 64. Let i(q) = 3*q + 36. Suppose 0 = -4*l - 20, 4*l - l = -2*f - 3. Let s(r) = f*m(r) - 11*i(r). What is s(-4)?
0
Let s(b) = -b**3 - 8*b**2 - b - 26. Let p(q) = -q**3 - 69*q**2 - 119*q + 997. Let y be p(-67). What is s(y)?
-18
Suppose 9*k - 6 = 4*k - 21. Let h(z) = -9*z**2 - 18*z - 3. Give h(k).
-30
Let t(w) = -3*w + 1. Let m(a) = -a + 27. Let n be m(13). Suppose -2*z + 30 = -2*v, -11*z = -n*z - 2*v + 65. Suppose 0 = z*o - 10*o - 54. Calculate t(o).
-17
Let z(u) = 8669 + 13*u - 2*u**2 - 8647 + 3*u**